= q - s. Let i(m) = -m**3 - 5*m**2 - 7. Give i(y).
-7
Suppose -5*y + 2*v - 27 = 0, 24*y + 8 = 20*y + 5*v. Let x(g) = g**2 + 5*g - 1. Give x(y).
13
Let u = 85 - 57. Let x be u*5/(-10)*(-1)/(-2). Let r(s) = -s**2 - 6*s + 9. What is r(x)?
2
Suppose -2*w + 23 = -g, -36 = -5*w + 2*g + 22. Suppose -w = -11*s + 8*s. Let o(b) = 2*b + 1. Give o(s).
9
Let b(z) = -z**2 - 2*z - 6. Let d = -653 - -650. What is b(d)?
-9
Let l(u) = u**3 - 10*u**2 + 9*u - 6. Let z(i) = i**3 - 36*i**2 + 36*i - 26. Let g be z(35). Determine l(g).
-6
Let n(a) be the second derivative of a**3/6 + a**2/2 + 3*a - 2. Calculate n(0).
1
Let k(x) be the second derivative of -x**6/72 + x**5/120 + 19*x**3/6 - 19*x. Let r(h) be the second derivative of k(h). Give r(-1).
-6
Let z(o) = -o**2 - 4*o**2 - 17*o - 16*o + 30*o - o**3 + 3. Suppose -5*h - 28 = -8. Let d be -2*1/((-2)/h). Give z(d).
-1
Let t(k) be the first derivative of k**4/4 - k**3/3 - 14*k - 7. Determine t(0).
-14
Let w(c) = -c**3 - c**2 + 3*c - 3. Let q = 0 - -5. Suppose -j = -q*j + 20. Suppose -4*z + 5*p = -3, -j*z + 3*z = -4*p. Give w(z).
-9
Let p(q) = 2*q. Let c(v) = v**3 - 2*v**2 + 4. Let s be c(0). Suppose -9*h + s*h - 20 = 0. Give p(h).
-8
Let j(y) = -y**3 + 1. Let p(a) be the first derivative of 4 - 4*a + a**4 + 5/3*a**3 + 1/2*a**2. Let d(c) = 3*j(c) + p(c). Give d(-2).
9
Suppose z - 6 = -2*z. Suppose 0 = -5*f - 17 + z. Let c(v) be the second derivative of -v**5/20 - v**4/3 + v**3/6 + v**2 - 16*v - 6. What is c(f)?
-10
Let n(g) = g - 7. Let t be n(-3). Let k(b) = -b**3 - 11*b**2 - 9*b + 4. Determine k(t).
-6
Let d(b) = -b**2 - 9*b - 4. Let a(f) = -f**3 - 5*f**2 + 6*f - 8. Let g be a(-7). Suppose 7*u + g = u. What is d(u)?
4
Let f(v) be the second derivative of v**3/2 + 260*v. Suppose 4 = 2*j + 2*j. Calculate f(j).
3
Let t(s) be the second derivative of s**5/20 - 5*s**4/6 - 5*s**3/3 + s**2 + 7*s + 12. Calculate t(11).
13
Let t(q) = -q**3 + 7*q**2 - 4*q. Let n be 2/(-8)*-1 - 948/(-48). Suppose n = -5*m + 50. Determine t(m).
12
Let b(z) = z + 7. Let v be (-20 - -16)*(6/8 + -2). Suppose -v*m = -2*m - 5*t, 3*t = 9. Calculate b(m).
12
Let f = -273 - -270. Let o(n) = -2*n**3 - 5*n**2 - 3*n - 4. Give o(f).
14
Let v(h) = -h**2 - 8*h + 2*h**2 + 3*h. Suppose -90*b + 317 + 313 = 0. What is v(b)?
14
Let o = -29 + 36. Let d(n) = o - 2*n + 4 - 1. Determine d(8).
-6
Let n(w) = -w**3 + w**2 + w - 22. Suppose -14 + 12 = -o, -3*m + 2*o = 4. Calculate n(m).
-22
Let x(b) = -b + 1. Let j be (1/2)/((-2)/(-24)). Let t be 6/(-24) - ((-130)/8)/5. Suppose t*p - j - 9 = 0. Determine x(p).
-4
Let g(n) = 4*n**2 + 10*n - 8. Let s(w) = -w**2. Let d(p) = g(p) + 5*s(p). Determine d(6).
16
Let v(r) = 3 - 5 - 1 + r. Let t(a) = -a**3 + 32*a**2 - 7 - 20*a**2 - 13*a - 25*a**2. Let i be t(-12). Give v(i).
2
Let x(h) be the second derivative of -h**3/6 - 3*h**2 - 196*h. Determine x(10).
-16
Let f(q) = -q**3 - 6*q**2 - 3*q + 4. Suppose -30*h + 20 = -34*h. What is f(h)?
-6
Let c(l) = 2*l + 5. Let x(h) = -3*h**2 + 11*h + 28. Let s(a) = 11*c(a) - 2*x(a). Give s(1).
5
Let r(b) = 10*b + 20. Let u be r(-5). Let w be (-1)/((-3)/u*-2). Let v(p) = -p - 1. Give v(w).
-6
Let t(w) = -w**3 + 7*w**2 - 9*w - 10. Let p be t(5). Let f be 27/6*4/6. Let i(k) = 5 + 3*k + k**2 - k + f*k. Give i(p).
5
Let j(o) = -2*o**2 + 28*o - 7. Let s be j(14). Let y(b) = b - 2. Calculate y(s).
-9
Suppose 0 = 8*j - j - 56. Let q(d) = -11*d**2 - 26*d + 4. Let v(u) = 7*u**2 + 17*u - 3. Let a(b) = j*v(b) + 5*q(b). Determine a(-6).
-4
Let x(h) be the third derivative of h**6/120 - h**5/60 - h**4/24 - 3*h**2 + 28. Determine x(-2).
-10
Suppose 3*h + 4*k = 13, 2*h + 4*k = k + 10. Suppose 3*j - 11 = 7. Let b(u) = 2*u - j*u - 2*u. Calculate b(h).
6
Let o(r) = -9*r - 30 - 3*r + 13*r. Determine o(0).
-30
Let q be (-3 - (3 + -3))*1. Let u be 1*(-9 - 3)/q. Let v(i) = 4*i + 3. What is v(u)?
19
Let c be (-3*(-20)/45)/((-4)/18). Let m be (3/15)/(c/(-30)). Let h(t) = -3*t**2. Determine h(m).
-3
Let r(p) be the third derivative of p**6/120 - 7*p**5/60 + p**3/6 + 55*p**2. Suppose 3*b = 3*i + 12, 0 = b + 3*i - 7*i + 5. Calculate r(b).
1
Let a = -2 + 8. Let m(z) = 2*z + 6. Let d(c) = c. Let s(w) = -w**3 - 7*w**2 - 2*w - 13. Let u be s(-7). Let t(p) = u*m(p) - 3*d(p). Calculate t(a).
0
Suppose -104*u + 56 = -111*u. Let w(f) be the first derivative of -f**3/3 - 7*f**2/2 + 7*f - 1. Give w(u).
-1
Let s(u) = 5*u**2 + 2*u - 5. Let v(p) = p**2 + p - 2. Let l(y) = -s(y) + 4*v(y). Let d = 6 + -4. Suppose -3*c - 2*f + 9 = -0*c, 3*c - d*f - 9 = 0. What is l(c)?
-6
Let c(l) = -l**2 - 10*l - 2. Let g = -15 - -19. Let y(z) = z**2 + 11*z + 3. Let f(m) = g*c(m) + 3*y(m). Suppose -5*x = -x + 24. Give f(x).
7
Suppose 0 = -5*b - 5*m + 50, -3*b - m = -0*b - 20. Let i(f) = -f**3 - 6*f**2 - 6*f - 3. Let r be i(-5). Let j(v) = -r + 2*v + 2 - b. Determine j(6).
7
Let b(h) be the third derivative of -h**4/4 - h**3/6 + 9*h**2. Suppose 0*t + 4 = -t. Let s be ((-4)/6)/(t/(-6)). Calculate b(s).
5
Suppose 2*n + 4 = 18. Let g be 30/(-4) - n/14. Let u = 8 + g. Let p(b) = b**3 + b + 1. Give p(u).
1
Let g(s) = -s**3 - 5*s**2 - 3. Let v = 65 - 70. What is g(v)?
-3
Let m(g) be the third derivative of -g**5/60 + 37*g**3/6 - 169*g**2. Give m(0).
37
Let d(s) = -4*s - 17. Suppose -43*j + 45*j = 10, -32 = 4*c - 4*j. Calculate d(c).
-5
Suppose 0 = -2*x - 3*r + 22, -3*r - 13 + 51 = 4*x. Let f(m) = -18*m + x + 13*m - 4*m**2 + 3*m**2. Determine f(-7).
-6
Let y = 37 - 37. Suppose 8 = -2*o - y*o - 3*b, 8 = -4*o - 2*b. Let w(n) = 2*n + 1. What is w(o)?
-1
Let d(f) be the second derivative of f**4/12 + 2*f**3/3 + 3*f**2/2 - 12*f - 4. Give d(-3).
0
Let o(j) = -j**3 + 12 - 8*j - 4 + 0 - 6*j**2 + 14*j. Determine o(-7).
15
Let a(z) = z**2 + 5*z + 6. Let r = 6 - 4. Let d be -1*(3 + 4/r). Let t be a(d). Let n(x) = -x**3 + 6*x**2 - x + 6. Calculate n(t).
0
Suppose 5*p = -61 + 6. Let y = -9 - p. Let l(q) = 4*q**2 + 0 + 5 + 4*q - 5*q**y + 0*q**2. Calculate l(5).
0
Let s(x) = -2*x + 26. Let n be s(15). Let r(u) = u**2 - 2*u - 2. Calculate r(n).
22
Let b(t) = t + 1. Let f(y) be the third derivative of -y**5/60 + 11*y**4/24 + 23*y**3/3 + 24*y**2. Let u be f(14). What is b(u)?
5
Let o = 14 + -4. Let l = o + -5. Let j(x) = -3*x - 4*x - 5*x**2 - 3 + l + 7 + x**3. Determine j(6).
3
Let b(h) = h - 20. Let c be b(15). Let q be 1/5 + (-19)/c. Suppose q*z - 2*z = -12. Let p(t) = -t**3 - 7*t**2 - 7*t + 1. Calculate p(z).
7
Let o(b) be the third derivative of -b**5/60 - b**4/8 - b**3/3 - b**2. Let z be (-1)/((-3 - 80/(-78)) + 2). Let l be 6/z - 168/91. Determine o(l).
0
Suppose -3*w + 1 = -17. Suppose 2*p + 5*o = -19, w*p + 2*o = 2*p - 14. Let t(d) = -3*d - 2 + 2*d + 4. What is t(p)?
4
Let v(j) = j + 1. Let p(o) = -2*o - 8. Let q = -5 - -4. Let b(w) = q*p(w) - 3*v(w). Give b(4).
1
Suppose -29*w + 8*w + 189 = 0. Let u(a) = 2*a**2 - 11*a + 4. Give u(w).
67
Let b(l) = 204 + 208 + 4*l - 413 + 10*l. Give b(-3).
-43
Let v(b) = -43 + 70*b + 11 - 132*b + 63*b. Calculate v(14).
-18
Let j(u) = 4*u + 13. Let t(c) = -3*c - 9. Let h(g) = 5*j(g) + 7*t(g). Let i be -12*(-1 - (-2)/3). Let k = 6 - i. What is h(k)?
0
Let x(d) be the second derivative of -d**4/12 + 4*d**3/3 - 9*d**2/2 + 25*d + 1. Determine x(6).
3
Let n = 134 - 128. Let s(g) be the third derivative of 0 + 1/24*g**4 + 0*g + 2*g**2 - 2/3*g**3. Give s(n).
2
Let h(d) = -d**3 + 2*d**2 + 3*d + 4. Suppose 4*n + 3*s - 15 = 0, -3*n + s = 2*n - 14. Determine h(n).
4
Let h(o) be the third derivative of -o**4/8 - 11*o**3/6 - 383*o**2. Determine h(-3).
-2
Suppose 0 = 4*w - 8 + 20. Let y = w - -4. Let d(a) = a**3 + 1. Give d(y).
2
Let f(i) = i**3 + 2*i**2 - i. Suppose -h - 2 + 1 = u, -u + 2*h = -2. Suppose j - 3*x + 9 = 0, 0*j - 3*j - 2*x + 17 = u. Suppose 4*q + j - 7 = 0. Calculate f(q).
2
Let o(r) = -64*r - 7. Let d(k) = 32*k + 4. Let v(q) = -5*d(q) - 3*o(q). Determine v(1).
33
Let u be (-4)/1*131/(-4). Suppose -3*b + 4*m - 67 = 0, 4*b + u - 20 = m. Let w = b - -27. Let l(i) = i**3 + 2*i**2 + i - 2. Calculate l(w).
-4
Let r(b) = -b**2 - 6*b + 7. Let v be 3/(-18) + 17/(-6). Let h = 2 - v. Suppose 3*y + h*w = 0, 5*y - 3*w = -5*w - 19. Calculate r(y).
12
Let b(n) = -n**2 + 2*n + 4. Let y be b(4). Let u be y*1*3/(-4). Let w(z) = z - 4*z - 6*z**2 - 4*z - 7 - z**u + 0*z. What is w(-5)?
3
Let q(y) = y + 10. Let t(n) = n + 10. Let f(m) = 4*q(m) - 3*t(m).